. Suppose 18 = -a - v - 0, 2*v = -2. Let y(z) = 19*z**3 + 4*z**2 + 7. Let o(h) = a*y(h) - 6*k(h). Give o(1).
12
Let y(c) be the second derivative of c**5/20 + 3*c**3/2 + c**2/2 - 5*c. Let j(g) = g**3 + g**2 + 8*g + 1. Let u(z) = -5*j(z) + 4*y(z). Calculate u(-3).
-7
Let y(w) be the third derivative of -w**6/120 + w**5/60 - w**4/24 + 43*w**3/6 - 422*w**2. Give y(0).
43
Let s(j) = 3*j**2 + j. Let u(o) = o - 1. Let n be u(0). Let a be s(n). Suppose -a*b + b - 1 = 0. Let i(c) = -5*c**3 + c**2 + c. Determine i(b).
5
Let n(b) be the second derivative of b**3/2 + 13*b**2 - 49*b. What is n(-6)?
8
Let l = 52/183 - -3/61. Let d(f) be the first derivative of 1 + l*f**3 + 0*f - f**4 + 1/2*f**2. What is d(-1)?
4
Let q = -15 - -17. Let j(u) = u + 4*u**q + 5*u + 4 + 0*u - 3*u**2. Suppose -4*g = -0*z + 5*z + 31, 5*g + 26 = -2*z. Give j(z).
-5
Let b(g) = -116*g + 4*g**2 + 55*g - 2*g**3 + g**2 + 5 + 54*g. Calculate b(2).
-5
Suppose l + 2 + 2 = 0. Let c(y) = -y + 11. Let t be c(9). Let q(m) = -3 - 3*m - 4*m**t + 5*m**2 - 2*m**2. Give q(l).
-7
Let b(k) be the second derivative of 35*k + k**2 + 1/6*k**4 + 0 + 1/6*k**3. What is b(2)?
12
Let w(z) = z**3 + 2*z**2 - z - 1. Let a(t) = -5*t**3 - 21*t**2 + 21*t + 12. Let n(r) = -a(r) - 6*w(r). Give n(7).
-13
Suppose -22 + 137 = 5*v. Let p(m) = -6 + 8*m + 14*m - v*m. Determine p(-8).
2
Let b(g) = -g**2 + g + 5. Let w(l) = 9*l - 643. Let j be w(72). Determine b(j).
-15
Let k(w) = -2*w**3 - 1. Let x be k(1). Let s(f) = f - 6. Let p(o) be the first derivative of -o**2 + 13*o - 16. Let a(z) = -2*p(z) - 5*s(z). What is a(x)?
7
Let r = 6 - 4. Suppose 0 = 5*t + 5, -k = 4*t - t - r. Let n(c) = -2*c - 1 - c**2 + k*c**2 - c + 2*c. Calculate n(-1).
4
Suppose -2 - 18 = -4*h. Suppose -3*z - 2*z = -h. Let l(a) = -12*a**3 - 9*a**3 - 13*a**3 + 39*a**3 + 1. Give l(z).
6
Let x(o) = -3*o**3 - 25*o**2 - 5*o - 5. Let l(q) = -8*q**3 - 71*q**2 - 16*q - 16. Let a(g) = 4*l(g) - 11*x(g). Give a(10).
1
Let u(g) = -g**3 - 6*g**2 - 4*g + 2. Let c be u(-5). Let j be 5 - c/6*0. Let y(o) = j + o - 3 + 0 - 3. What is y(6)?
5
Let v(i) be the first derivative of 0*i - 8/3*i**3 + 6 - 1/2*i**2. Let f = 4 + -3. Determine v(f).
-9
Let j(t) = 24*t**3 - 7 - 8*t**2 + 14*t - 11*t**3 + 0*t - 12*t**3. Let g be j(6). Let r(z) = 6*z - z**2 - 5 + 2 + 1 + 0*z. Determine r(g).
3
Let i(z) = 78*z + 0*z**2 + 43*z**3 - 3 - 16*z**3 - z**2 + 2 - 76*z. Calculate i(1).
27
Let u be -5*((-12)/(-10))/(-1). Let t(q) = q**2 + 11*q - 9. Let c be t(-12). Let v(b) = -7*b + 3*b + c*b + 10. Determine v(u).
4
Let f(k) be the second derivative of -k**6/720 - 7*k**5/120 + k**4/12 + 5*k. Let v(u) be the third derivative of f(u). Determine v(-5).
-2
Let r be (-6)/7 + 55/7. Let t(b) = -b**3 + 6*b**2 + 7*b - 1. What is t(r)?
-1
Suppose 4*z = 5*m - 0*m + 7, -2*z + 5 = -m. Let p(g) = -2*g**2 + 6*g. Calculate p(z).
0
Let k(o) = 11*o + 19 + 10*o + 8*o - 28*o. Let q be k(-23). Let g(t) = -t**3 - 5*t**2 - 3*t. Give g(q).
-4
Let l(c) = -c**2 + 12*c - 6. Let d be l(11). Let x(j) = 3*j + 6. Let m(y) = -1. Let h(n) = 5*m(n) + x(n). Give h(d).
16
Let s(o) = o**3 + 4*o**2 - 6*o - 3. Let y be (-5 + -3)*36/16. Suppose 62 = 3*t + 23. Let x = y + t. Give s(x).
2
Suppose -3*s + 9 - 12 = 0. Let r(g) = 11*g**3 + 2*g**2 + 2*g + 1. Give r(s).
-10
Let a(k) = k**2 - k. Let h(f) = -2*f**2 + 4*f + 2. Let u(z) = -3*a(z) - h(z). Let n(j) be the first derivative of u(j). Suppose -2*v - 5 = 1. What is n(v)?
5
Suppose 0 = -4*w + 5*p + 31, 4*p + 15 + 13 = 4*w. Suppose -w*q + 16 = 48. Let h(x) = -x**3 - 9*x**2 - 8*x + 11. Give h(q).
11
Let x = 67 + -53. Let k(j) = x*j**3 + 9*j**3 + 6 - 4*j**2 - 5*j + 2*j - 22*j**3. Let w = 4 + 0. Calculate k(w).
-6
Let v(u) = -9*u + 2. Let n be (-95)/(-38)*(-1 - 1) + 4. Give v(n).
11
Suppose -10 = -4*t + 5*x, t + x - 4 = 3*x. Let w = -1 + t. Let g(y) = -16. Let d(b) = -b + 11. Let n(p) = 3*d(p) + 2*g(p). Determine n(w).
4
Let o(q) = -q + 3. Let k = 1 - -4. Let s = -4 - k. Let b = s - -6. Calculate o(b).
6
Let l(p) = -4*p**2 + 3*p**2 - 4*p + 9 + 3*p. Let f(m) = -2*m**2 + 17*m - 4. Let g be f(8). Suppose 0 = 5*x + r - 1, -3*x + 5*r - 1 = g. What is l(x)?
9
Let d(a) = -2*a**2 + 10*a - 14. Suppose -13*w + 10*w + 3*h + 24 = 0, -3*w = 4*h - 10. What is d(w)?
-26
Let a(c) = -5*c**2 + 31*c - 3. Let t be a(6). Let z(s) = -s**3 + s**2 + 6*s. Calculate z(t).
0
Let p be 10*(51/(-15) - -3). Let y(f) = 0 + 5 + 3*f - 7 - 2*f. Calculate y(p).
-6
Let m(z) = 333*z - z**2 - 979*z + 324*z + 331*z - 8. Let l = 11 - 4. Give m(l).
6
Let g(s) = 0*s + 1 - 2 - s - s + 3*s. Calculate g(0).
-1
Let t(v) = -4*v + 2. Let x be 2 + 1/6 - (-5)/(-30). Calculate t(x).
-6
Let n = 6 + -11. Let t(i) = -i - 3. Let j(v) = v + 2. Let u = 0 + -3. Let m(b) = n*j(b) + u*t(b). Determine m(-1).
1
Suppose -3*o = -29*x + 28*x - 3, 4*o - 4 = -3*x. Let p(s) = -11*s**3 - s**2 + 1. Give p(o).
-11
Let t(a) be the second derivative of a**3/6 - a**2 - 505*a. Suppose -9 = -4*w + h, w = 2*w - 2*h - 4. What is t(w)?
0
Let r(j) = 4*j**2 + 4*j + 2. Let x(o) = o**2 + 2*o + 2. Let q(i) = r(i) - 2*x(i). Determine q(-3).
16
Let n(y) be the second derivative of y**8/6720 + y**7/1260 - y**6/360 - y**5/120 + y**4/4 - 9*y. Let z(b) be the third derivative of n(b). What is z(-2)?
3
Let p(s) = -s**2 + 2*s + 1. Let d(i) = -i + 1. Let f(l) = l**2 + 14*l - 6. Let x(j) = 6*d(j) + f(j). Let m be x(-6). Let c = 15 + m. Determine p(c).
-2
Let w(f) = f**2 - 11*f + 6. Let m = 667 + -656. Give w(m).
6
Suppose -4*l - 8 = 4*r, 3*r + 18 = 6*l - 11*l. Let s(n) = n**3 + 5*n**2 - 8*n - 10. What is s(l)?
2
Let s(r) = 9*r - 22*r + 8*r - 7*r + 10*r. Suppose -5*t + 15 = -0. Calculate s(t).
-6
Suppose 0*a + 15 = 5*a. Let y be -2 + 18/a - -1. Let j(z) = 2*z**2 - 7*z - 5. Let c(q) = q**2 - 4*q - 2. Let r(u) = 7*c(u) - 3*j(u). What is r(y)?
-9
Let a(o) be the first derivative of o**4/4 - 2*o**3 + 3*o**2/2 + 2*o + 16. Determine a(4).
-18
Let t = -203 - -207. Let c(s) = -1 - 2 - 2 - 1 + 2*s. Give c(t).
2
Let n(q) be the third derivative of -1/60*q**5 - q**2 - q**3 + 7/24*q**4 + 0*q + 0. Let r(j) = -119*j + 125. Let s be r(1). Calculate n(s).
0
Let v be -2 + 0 + (-40)/(-10). Let d(z) = 3*z + 2. What is d(v)?
8
Suppose 5*v = l - 11, -10 = v + 4*v. Let c(m) = m - 4. Calculate c(l).
-3
Let c(k) = -k + 1. Let u(s) = 2 - 5*s + 4*s - s. Let j(n) = -n**3 + 6*n**2 + 3*n - 15. Let p be j(6). Let w(q) = p*c(q) - 2*u(q). What is w(3)?
2
Suppose -3*m - 9 = 3*a, -6*m = -m - 5*a - 35. Let n(w) = -12 + w - 2*w - 3*w + 3*w**2. Let b(r) = -r**2 + 1. Let q(l) = m*b(l) + n(l). What is q(7)?
11
Let u(h) = 5*h**2 + 3*h - 3. Let v = 1892 + -1889. What is u(v)?
51
Let h(b) be the first derivative of b**2 - 4 - 1/3*b**3 - 4*b. What is h(5)?
-19
Let d(s) = s**3 - 8*s**2 - 4*s - 6. Suppose -5*m = -4*m - 5*t + 12, -5*t + 20 = 0. What is d(m)?
-38
Let r(y) = -3*y - 6. Let k(f) = 7*f + 11. Let u(i) = -6*i**3 - 1. Let g be u(-1). Let s(o) = g*r(o) + 3*k(o). Give s(-2).
-9
Let w(n) = -n**2 - 13*n - 10. Let l be w(-15). Let o be (l/(-25))/(6/15). Suppose 0 = -3*i + o*i - 3*s + 11, -5*s = -2*i - 19. Let r(j) = j. Calculate r(i).
-2
Let h(z) = z**2 + 5*z. Suppose -3*i - 27 = 3*c, i + 2*c - 16 = 6*c. Calculate h(i).
-4
Let p(q) = -2*q**2 - 8*q - 2. Let s be p(-4). Let v(b) = b**3 - b + 1. Let c be v(0). Let l(t) = 3*t + t**2 + 0*t + c - 2*t**3 - t**2. What is l(s)?
11
Suppose 0*s + 5*s + 15 = 0. Let q(h) = 3*h - 23. Let x(t) = -2*t + 14. Let f(w) = -3*q(w) - 5*x(w). Determine f(s).
-4
Let y = -129 - -122. Let x(z) = z**3 + 8*z**2 + 7*z - 9. Calculate x(y).
-9
Let m(j) be the first derivative of 1/3*j**3 + j**2 + 2*j - 10. Let s be m(-3). Let h(y) = -y**3 + 5*y**2 - 3*y + 1. Determine h(s).
-14
Let y(n) = 19*n - 90. Let b(l) = 7*l - 33. Let m(u) = -8*b(u) + 3*y(u). What is m(-6)?
-12
Let z(v) = 24*v**2 - 17*v - 1. Let m(f) = 19*f**2 - 15*f - 1. Let g(w) = 5*m(w) - 4*z(w). Give g(-9).
-19
Let p(b) = -b**2 - 5*b + 4. Let u be (-12)/(-90)*-5 + 16/6. Suppose -5*j - 35 = u*j. What is p(j)?
4
Let k(t) be the third derivative of -8*t**5/15 + t**3/6 - 75*t**2. Determine k(1).
-31
Suppose -4*g - 3*h = -8*h, 5*g + 2*h = 0. Let z(o) = -o**3 + o**2 - 2*o - 2. Calculate z(g).
-2
Let j(a) be the second derivative of a**5/10 - a**4/12 + a**3/6 - a + 46. Determine j(1).
2
Suppose -20 = -67*f + 42 + 5. Let k(n) = -2*n - 2*n + 5*n. Give 